(v) = v**2 + 4*v - 1. Let i be w(-3). Let u = 2 - i. What are the prime factors of u?
2, 3
Let p be (12/15)/((-2)/(-5)). What are the prime factors of 46*3/12*p?
23
What are the prime factors of (-3)/(-9)*(4 - -71)?
5
Let m = 2 + 7. Let h(u) = -u**3 + 8*u**2 + 8*u + 8. Let x be h(m). Let o = 5 - x. What are the prime factors of o?
2, 3
Suppose 2 = -y + 4. Let b be (3/y)/(6/8). Suppose 0*c = -b*c + 22. What are the prime factors of c?
11
Let v(a) = -a**2 - 12*a - 5. What are the prime factors of v(-7)?
2, 3, 5
Suppose -2*t - 14 = -3*t - 4*r, 2*r - 8 = -t. Let l = t - -2. Suppose y + 18 = 3*y - l*w, -5 = -5*w. What are the prime factors of y?
11
Let g(d) = 3 - d**2 - 2*d**2 + 6*d**2 - d - 4*d**2. Let h be g(0). Suppose -5*t = 3*k - 13 - 18, 3*t = -h. List the prime factors of k.
2, 3
Let y(g) = -g + 1. Let k be y(-7). Let w = k + 1. Suppose 0 = -2*o - o + w. What are the prime factors of o?
3
Suppose -3*y + 7*y + 20 = 0, s = -4*y + 24. Suppose s = 5*b - 21. List the prime factors of b.
13
Let h = -390 - -577. What are the prime factors of h?
11, 17
Suppose -5 - 25 = 3*h. Let d be 2*(-1 + h/(-4)). Suppose i - 50 = -4*w + d*i, 5*w = -5*i + 25. What are the prime factors of w?
2, 5
Let v be 4 - (4 - 2 - 1). Let u(s) = s**3 - s - 1. Let x(t) = -4*t**3 - 4*t**2 + 3*t + 8. Let m(r) = v*u(r) + x(r). List the prime factors of m(-4).
5
Suppose 0 = -7*l + 2*l + 20. Suppose -2 = -3*z + l. Suppose o + 8 = z*o. List the prime factors of o.
2
Let f = 219 - 54. List the prime factors of f.
3, 5, 11
Let u = 3 + 16. List the prime factors of u.
19
Let c = -62 - -43. Let p = c - -32. Suppose 4*w = -p + 45. List the prime factors of w.
2
Suppose 13*s + 1719 = 22*s. List the prime factors of s.
191
Suppose 3*c + 21 = -c - 5*l, -3*l = 2*c + 11. List the prime factors of (c - 9/(-2))*20.
2, 5
Let o = -133 - -329. List the prime factors of o.
2, 7
Let q(v) = v**3 - 4*v**2 + 5*v - 8. What are the prime factors of q(5)?
2, 3, 7
Suppose -7*a = -364 - 399. What are the prime factors of a?
109
Let c = -149 + 198. Suppose -5*s - 62 = 2*t + 3, -t + 2*s = 37. Let v = t + c. List the prime factors of v.
2, 7
Let q = 9 - 2. What are the prime factors of q?
7
Suppose 3 - 5 = -n. Suppose 5*s = n*s + 18. List the prime factors of 133/9 + s/27.
3, 5
Let y(m) = 8. Let a(b) = -b - 33. Let h(j) = -2*a(j) - 9*y(j). What are the prime factors of h(4)?
2
Let r = 8 + -5. Let s = 11 - r. List the prime factors of s.
2
Suppose 2*w + 4*a + 18 = a, 4*a = -3*w - 26. Let l(q) = q**2 + 7*q - 7. Let j be l(-8). List the prime factors of 2 - j - 48/w.
3
Let d = -1 - 0. Let g(u) be the third derivative of -11*u**4/24 + 6*u**2. What are the prime factors of g(d)?
11
Suppose 0*g = 6*g - 48. What are the prime factors of g?
2
Let u be -2*38/8*88. Let x be (-2)/(-12) + u/(-24). Suppose 3*t + 14 = x. List the prime factors of t.
7
Suppose 3*k + 0*k - 63 = 0. What are the prime factors of k?
3, 7
Suppose -5*x - 5*k = -110, -4*x + k + 96 = 3*k. List the prime factors of x.
2, 13
Let s = -274 + 415. Suppose 4*j - 3*c - s = -4*c, -j + 5*c = -51. What are the prime factors of j?
2, 3
Let z = 21 + -38. Suppose -4*y + 24 = 124. Let x = z - y. List the prime factors of x.
2
Suppose -206 = -2*s + 70. List the prime factors of s.
2, 3, 23
Suppose k + 4*p = 392 - 60, -334 = -k - 5*p. List the prime factors of k.
2, 3
What are the prime factors of 462/(-11)*(-6)/4?
3, 7
Let o = -3 + 3. Suppose -3*y + 31 + 44 = o. List the prime factors of y.
5
Let v(a) = -a + 2. Let y be v(0). Suppose 1 = -5*d + c, 4*c + 18 = -y*d - 0*d. What are the prime factors of -5*(3 - (6 + d))?
2, 5
Suppose 0 = 5*k + i - 104, -2*k = -3*i - 0*i - 45. What are the prime factors of k?
3, 7
Let u = -18 - -29. Suppose 0 = n - u - 0. What are the prime factors of n?
11
Suppose -5*t = -2*v - 4, 2*t - 5*v + v - 8 = 0. Suppose 3*o - 22 - 29 = t. List the prime factors of o.
17
What are the prime factors of 4/8 - 93/(-6)?
2
Suppose 4*b = 498 + 794. List the prime factors of b.
17, 19
Let l(j) be the third derivative of -j**6/120 + j**5/15 - j**4/6 + j**3/2 + 2*j**2. Let m be l(3). Suppose m*b = 4*b - 12. List the prime factors of b.
3
Let f(t) = -t**2 + 13*t + 4. Let s be f(12). What are the prime factors of 3/(-4) - (-588)/s?
2, 3
Let f(a) = -2*a**3 + a**2 + 2*a. Let w be f(2). Let n = 1 - w. List the prime factors of n.
3
Let n = 3 - 3. Suppose f + 2*d + 4 = -0, 2*f - 5*d - 37 = n. List the prime factors of 4/f + 56/6.
2, 5
Let f be 42/4*(-4)/(-6). Suppose -4*v + 5 = -f*m + 4*m, 2*v - 5*m + 1 = 0. What are the prime factors of v?
2
Let t = 107 - 50. List the prime factors of t.
3, 19
Let m = 87 + -42. What are the prime factors of m?
3, 5
Let s = -185 - -284. Suppose 3*j - s = -n, 6*j = j - 5*n + 155. List the prime factors of j.
2, 17
List the prime factors of 5/(-3) - (-4845)/45.
2, 53
Suppose -72 = 2*g - 6*g. List the prime factors of g.
2, 3
Suppose -844 = -5*q - w, 0 = 2*q - w - 458 + 119. List the prime factors of q.
13
Let g = -72 + 117. List the prime factors of g.
3, 5
Let g(t) = 6 + 0 + 10*t + 3 - 3. Let r(m) = -29*m - 17. Let k(c) = -17*g(c) - 6*r(c). What are the prime factors of k(2)?
2
Suppose -2*g + z + 16 = 3*z, -3*g + 12 = -z. Suppose g*p - 2 = -3*d + 18, 50 = 4*d - 5*p. What are the prime factors of d?
2, 5
Let z(b) = -4*b**3 + b + 4. Let d(h) = -2*h - 12. Let s be d(-5). List the prime factors of z(s).
2, 17
Suppose 4*r = 225 + 211. List the prime factors of r.
109
Let s(c) = -5*c**3. What are the prime factors of s(-1)?
5
Let d(s) = 8*s - 8. What are the prime factors of d(6)?
2, 5
Suppose -3*m + 201 = -3*p, 4*m - 3*p + 8*p - 286 = 0. What are the prime factors of m?
3, 23
Let m(h) = 3*h + 40. What are the prime factors of m(0)?
2, 5
What are the prime factors of (-2)/20 + (-1151)/(-10)?
5, 23
Let g = -115 + 291. List the prime factors of g.
2, 11
Suppose 149 = 11*y - 445. List the prime factors of y.
2, 3
Let i(z) = 2*z + 1. Let h be i(-2). Let c = 12 + h. Suppose -41 + 2 = -5*a - b, 0 = a - 4*b + c. What are the prime factors of a?
7
Let i be (-4)/(-6) - (-1)/3. Let x = 4 - i. Suppose -x*n + 30 = -0*n. List the prime factors of n.
2, 5
Let o(f) = f**2 - 7*f + 6. Let s be o(5). Let z(t) = -5*t - 4. Let v be z(s). Suppose -4*i + v = -2*i. What are the prime factors of i?
2
Let c be -2 - 0/(-2) - -2. Suppose -4*r - 3*i + 11 = c, 0*r + r - 3*i + 1 = 0. Suppose -r*b + 6 + 0 = 0. What are the prime factors of b?
3
List the prime factors of (268/(-6))/(4/(-12)).
2, 67
Suppose 289 = 4*g - x, 0 = -4*g + 3*x - 5*x + 274. What are the prime factors of g?
71
List the prime factors of (-3)/(-15) - (-1196)/20.
2, 3, 5
Suppose 0*h + 3*z + 1737 = 5*h, 3*h + 5*z - 1049 = 0. List the prime factors of h.
2, 3, 29
Let c = 30 - 0. List the prime factors of c.
2, 3, 5
Suppose -5*p = g - 166, -p - 4*p + 167 = 2*g. What are the prime factors of p?
3, 11
Let b(r) = 58*r**3 - r + 1. Let v be b(1). Let k = -36 + v. Let p = k + -13. List the prime factors of p.
3
What are the prime factors of 7/(2*3/24)?
2, 7
List the prime factors of (-63 + 1)*(-5)/10.
31
Let k be -2*1*33/(-6). Suppose 0 = 2*n + 6, d - 4*n = -9*n + k. What are the prime factors of d?
2, 13
Let w = -31 - -73. What are the prime factors of w?
2, 3, 7
Let f = -25 + 77. Suppose -x = 3*x - f. List the prime factors of x.
13
Let s(y) = 2*y - 5. List the prime factors of s(4).
3
Let j(v) = -8*v - 12. Suppose -5*a + 45 = -5*d, 3*d - 4*d - 3*a - 1 = 0. List the prime factors of j(d).
2, 11
Let s = 329 - 209. List the prime factors of s.
2, 3, 5
Let s = 18 - 37. Let w = s + 42. What are the prime factors of w?
23
Let f = 5 - 1. Let j(x) = 2*x - 7. Let u be j(6). Suppose 2*c = u*t - 0*c - 60, c + 45 = f*t. List the prime factors of t.
2, 5
Suppose -52 = -5*y + 4*y. List the prime factors of y.
2, 13
Let y(r) = -2*r + 10. Let u be y(8). Let i(w) = w**3 + 7*w**2 + 7*w + 6. Let b be i(u). Let j = 3 + b. What are the prime factors of j?
3
Let b(j) = -j**2 - j - 1. Let x be b(-2). Let m = x + 1. What are the prime factors of (0 - (m - -2)) + 2?
2
Suppose 8*r = -r + 1647. What are the prime factors of r?
3, 61
Let f = -4 - -8. Let c be -3 - ((-6)/1)/2. Suppose c = f*n + n - 65. List the prime factors of n.
13
Let h be 1/((15/6)/(-5)). List the prime factors of (0 - -7)/(h/(-4)).
2, 7
Suppose -3*o - 